3).
44
Let n(f) = -98*f - 5620. Calculate n(-57).
-34
Let b(z) = 4*z**2 + 4*z + 2. Calculate b(0).
2
Let s(l) = -2*l**2 - 849*l + 8696. Calculate s(10).
6
Let f(c) = -80*c**2 + 392*c - 58. What is f(5)?
-98
Let i(l) = -l**3 + 21*l**2 + 25*l + 198. Give i(23).
-285
Let p(k) = -36*k**3 + 71*k**2 - 5*k + 4. Determine p(2).
-10
Let x(c) = 24*c + 22. Determine x(-9).
-194
Let u(c) = -c**2 + 3*c + 124. Determine u(12).
16
Let j(g) = 3*g**2 + 536*g - 1263. Calculate j(-181).
4
Let f(m) = -14*m**2 + 381*m - 87. What is f(27)?
-6
Let f(i) = 867*i - 7801. Determine f(9).
2
Let z(q) = 2699*q - 10792. What is z(4)?
4
Let r(n) = -37*n**2 + 927*n - 21. Calculate r(25).
29
Let i(m) = 3*m**2 - 14*m + 21. Give i(5).
26
Let l(v) = -34*v**2 + 341*v - 10. Calculate l(10).
0
Let a(r) = 8*r**2 + 33*r - 2. Determine a(-4).
-6
Let w(t) = -13*t**2 + 13*t - 31. Give w(2).
-57
Let f(t) = 2*t**2 + 221*t + 6130. What is f(-57)?
31
Let b(s) = 42*s**2 + 269*s + 4. Calculate b(-6).
-98
Let z(f) = 44*f - 1337. Calculate z(44).
599
Let l(p) = -8*p + 804. Determine l(46).
436
Let a(c) = -4*c**2 + 8*c + 32. What is a(-4)?
-64
Let d(b) = -b**3 + 6*b**2 - 88*b + 554. Determine d(5).
139
Let b(m) = -33*m - 162. Give b(-10).
168
Let c(q) = -2*q**2 + 319*q - 2202. What is c(7)?
-67
Let l(y) = y**2 - 18*y + 39. What is l(11)?
-38
Let j(h) = -17*h**2 - 2839*h - 2. Give j(-167).
-2
Let d(g) = 1081*g + 18385. What is d(-17)?
8
Let r(h) = -13*h**2 + 188*h - 87. Calculate r(14).
-3
Let n(i) = 727*i + 2134. What is n(-3)?
-47
Let k(r) = -r**3 + r**2 + 25*r + 1. Calculate k(0).
1
Let b(i) = -151*i + 1154. Give b(8).
-54
Let v(h) = h**3 - 139*h**2 - 286*h + 508. Calculate v(141).
-56
Let f(x) = -x**3 - 13*x**2 - 25*x - 38. Give f(-11).
-5
Let v(j) = -2*j - 107. Determine v(-42).
-23
Let v(j) = -61*j - 5516. Determine v(-90).
-26
Let d(p) = 271*p + 19516. Calculate d(-72).
4
Let z(l) = -24*l - 253. Give z(-13).
59
Let y(x) = -76*x + 15. Give y(1).
-61
Let v(i) = -657*i + 3287. Determine v(5).
2
Let q(f) = -8*f - 116. What is q(-16)?
12
Let t(a) = 2*a**3 + 17*a**2 + 32*a - 6. What is t(-6)?
-18
Let o(k) = -2*k**3 - 26*k**2 - 75*k + 20. Give o(-5).
-5
Let c(v) = -v**3 + 172*v**2 - 1621*v - 7. Calculate c(10).
-17
Let d(g) = 253*g**2 + 15*g - 13. Give d(1).
255
Let m(p) = -p**2 - 40*p - 196. Calculate m(-34).
8
Let i(g) = -12*g**3 + 4*g**2 + 15*g - 17. Determine i(1).
-10
Let c(m) = 8826*m + 52955. Determine c(-6).
-1
Let a(k) = -3*k**3 + 189*k**2 - k + 50. Give a(63).
-13
Let o(n) = -n**3 + 11*n + 4. What is o(-3)?
-2
Let r(t) = 5*t**2 + 25*t - 186. Determine r(10).
564
Let w(u) = -5*u**2 + 113*u + 809. Calculate w(-7).
-227
Let h(n) = -n**2 - 4219*n - 25262. What is h(-6)?
16
Let b(d) = -2*d - 84. What is b(59)?
-202
Let o(l) = 408*l + 28. Calculate o(0).
28
Let f(d) = -d**2 - 27*d + 124. Give f(-30).
34
Let m(j) = j - 30. Give m(-19).
-49
Let b(s) = s**3 - 20*s**2 + 25*s - 136. Determine b(19).
-22
Let x(h) = 22*h - 1041. Give x(47).
-7
Let i(h) = -1581*h + 44294. Calculate i(28).
26
Let i(s) = 32*s - 583. Calculate i(18).
-7
Let t(s) = -2*s**3 + 39*s**2 - 38*s - 277. Give t(18).
11
Let p(g) = -g**3 - 8*g**2 - 10*g - 14. Calculate p(-6).
-26
Let d(i) = -i**2 - 3*i + 42. Give d(11).
-112
Let p(f) = -19*f + 38. Calculate p(6).
-76
Let a(t) = t**2 - 35*t + 165. What is a(29)?
-9
Let w(u) = -59*u - 35. Calculate w(-2).
83
Let q(o) = 5*o**2 + 186*o - 397. Determine q(2).
-5
Let s(d) = 25*d + 1738. Give s(-69).
13
Let a(d) = d**3 - 105*d**2 - 256*d + 4490. What is a(107)?
-4
Let n(j) = 22*j + 107. What is n(-1)?
85
Let z(h) = -194*h + 2127. Calculate z(11).
-7
Let m(x) = 2*x**3 - 46*x**2 + 35*x + 184. Calculate m(22).
-14
Let k(n) = 3482*n + 34882. Calculate k(-10).
62
Let l(k) = k**2 - 278*k + 1606. What is l(6)?
-26
Let o(w) = 235*w - 944. Determine o(4).
-4
Let k(v) = -3*v**2 - 231*v - 388. What is k(-77)?
-388
Let s(b) = b**3 - 8*b**2 + 18*b - 54. Give s(6).
-18
Let b(z) = -2*z**3 - 6*z**2 + 17*z + 23. What is b(-4)?
-13
Let u(o) = 137*o + 64. Determine u(0).
64
Let u(g) = 155*g - 2004. What is u(13)?
11
Let t(l) = l**3 + 44*l**2 + 85*l + 170. What is t(-42)?
128
Let o(v) = -2*v**3 - 54*v**2 + 58*v + 59. Calculate o(-28).
3
Let v(b) = -10*b**3 - b**2 + 7. What is v(0)?
7
Let s(x) = 2*x**2 + 156*x + 268. What is s(-77)?
114
Let r(x) = -x**3 + 8*x**2 - 31*x + 46. Calculate r(4).
-14
Let g(i) = i**2 + 491*i + 41092. What is g(-107)?
4
Let g(m) = -m**3 + 7*m**2 - 3*m + 56. What is g(6)?
74
Let s(i) = -16555*i + 248327. Give s(15).
2
Let h(v) = -6*v**3 + v**2 - 10*v + 2. Give h(2).
-62
Let v(a) = a**3 - 13*a**2 - 34*a - 236. Determine v(16).
-12
Let u(x) = -295*x - 27439. Calculate u(-93).
-4
Let u(t) = 3*t**3 + 6*t**2 - 5*t + 80. Determine u(-4).
4
Let f(l) = 12*l - 59. What is f(22)?
205
Let v(y) = -49*y + 123. What is v(-1)?
172
Let s(o) = -50*o + 1200. What is s(24)?
0
Let g(y) = -2*y**2 + 119*y - 301. Determine g(57).
-16
Let b(x) = -2*x**3 + 83*x**2 - 41*x - 30. What is b(41)?
-30
Let c(n) = -n**3 + 41*n**2 - 32*n + 3011. What is c(42)?
-97
Let p(s) = s**3 + 16*s**2 + 34*s - 53. Determine p(-13).
12
Let b(y) = -44*y + 122. Calculate b(2).
34
Let o(v) = v**3 + 9*v**2 + 20*v + 1. Calculate o(-6).
-11
Let b(h) = 4*h + 44. Give b(-6).
20
Let w(m) = -16*m**2 - m + 7. Give w(-2).
-55
Let i(s) = s**3 + 50*s**2 + 201*s. Calculate i(-4).
-68
Let x(k) = -16*k + 889. Calculate x(56).
-7
Let g(m) = -m**2 + 2*m - 7. What is g(4)?
-15
Let c(z) = -926*z - 933. What is c(-1)?
-7
Let w(g) = 4686*g - 18729. What is w(4)?
15
Let f(p) = -p**3 + 3*p**2 - 7*p - 39. What is f(8)?
-415
Let n(w) = -w**3 + 53*w**2 + 52*w + 120. Determine n(54).
12
Let i(g) = g**2 - 128*g + 3976. What is i(75)?
1
Let x(g) = -27*g**2 - 244*g + 15. What is x(-9)?
24
Let q(g) = g**2 - 4*g - 184. Calculate q(17).
37
Let y(v) = 2*v**3 - 19*v**2 + 9*v + 4. Calculate y(7).
-178
Let h(m) = 2*m**2 + 100*m + 196. Give h(-48).
4
Let k(c) = -c**3 + 5*c**2 + 81*c - 175. What is k(11)?
-10
Let k(n) = -n**3 - 87*n**2 + 3*n + 260. Calculate k(-87).
-1
Let s(v) = 42*v + 210. Give s(-6).
-42
Let j(w) = -367*w - 1396. Determine j(-4).
72
Let y(k) = -2*k**2 - 22*k + 11. Determine y(-9).
47
Let q(x) = -62*x - 461. Give q(-8).
35
Let u(h) = -309*h**3 + 4*h**2 - 4*h + 1. Give u(1).
-308
Let u(w) = -w**3 + 10*w**2 + w - 30. Calculate u(-2).
16
Let o(l) = -2*l**3 + 56*l**2 - 54*l + 42. Determine o(27).
42
Let t(z) = -2*z**3 + 123*z**2 - 69*z + 483. What is t(61)?
-5
Let w(l) = -117*l + 15790. Give w(135).
-5
Let u(t) = -198*t**2 - 993*t - 16. Calculate u(-5).
-1
Let v(a) = -27*a + 1265. Calculate v(49).
-58
Let i(k) = 28*k**2 + 671*k - 67. Determine i(-24).
-43
Let t(q) = 531*q - 4685. Calculate t(9).
94
Let n(a) = -a**3 + 24*a**2 - 182*a + 434. Calculate n(11).
5
Let g(i) = i**2 - 124*i + 3970. Calculate g(62).
126
Let k(t) = t**2 - 41*t - 163. Give k(26).
-553
Let l(g) = -229*g - 1954. What is l(-8)?
-122
Let f(i) = -i**3 - 21*i**2 - 97*i + 13. What is f(-14)?
-1
Let v(x) = 826*x + 28072. Determine v(-34).
-12
Let l(p) = p**3 + 34*p**2 - 34*p - 1150. Give l(-34).
6
Let x(z) = z**2 + 9*z - 114. Determine x(7).
-2
Let i(c) = 1131*c - 2248. Give i(2).
14
Let s(h) = -36*h - 159. What is s(-3)?
-51
Let x(z) = z**3 - 45*z**2 + 153*z + 486. What is x(41)?
35
Let t(y) = 2*y**2 - 40*y - 235. Determine t(25).
15
Let u(j) = 729*j**3 - 2*j**2 + 8*j - 6. Give u(1).
729
Let z(f) = -12*f + 242. Calculate z(29).
-106
Let w(g) = 16*g**2 - 578*g - 599. What is w(-1)?
-5
Let l(v) = 121*v**3 - 13*v**2 - 11*v + 2. What is l(-1)?
-121
Let q(x) = -21*x + 663. Determine q(31).
12
Let a(x) = 680*x**3 + 4*x + 7. What is a(-1)?
-677
Let r(d) = -647*d + 17456. Give r(27).
-13
Let k(l) = -l**3 + 13*l**2 - 33*l + 7. What is k(10)?
-23
Let s(i) = -i**2 - 11*i + 65. What is s(-15)?
5
Let j(l) = 25*l - 42. Determine j(2).
8
Let j(o) = -3*o**3 - 285*o**2 + 1199*o + 1084. Give j(-99).
-5
Let x(s) = -2*s**2 - 128*s + 225. What is x(-66)?
-39
Let n(x) = -262*x - 25646. Determine n(-98).
30
Let z(k) = -k**2 - 46*k - 189. What is z(-16)?
291
Let z(x) = 18*x - 67. Give z(4).
5
Let n(s) = -28*s + 1258. Determine n(36).
250
Let h(x) = -x**2 - 354*x - 1061. Calculate h(-3).
-8
Let k(i) = 2*i**3 + 89*i**2 - 40*i + 130. Give k(-45).
-95
Let g(t) = 9*t**2 - 115*t + 16. Determine g(0).
16
Let w(r) = 3